, what is 10121 + 20322?
31103
In base 8, what is -761217 - 2?
-761221
In base 15, what is -2 - 6252?
-6254
In base 16, what is 59a - -a0?
63a
In base 16, what is 1f493 + -1?
1f492
In base 6, what is 40202 + -2?
40200
In base 13, what is 11b14cb - 1?
11b14ca
In base 14, what is 22b3 + c8?
239b
In base 4, what is -131032 - -30?
-131002
In base 14, what is -5369 + 4?
-5365
In base 15, what is 20b0 - a8?
2007
In base 16, what is 3d5 + -4c?
389
In base 13, what is -648 + -2593?
-2c0b
In base 7, what is -10441 - -1660?
-5451
In base 4, what is -1232 + 233301?
232003
In base 4, what is 111332 - -330?
112322
In base 15, what is -27805 - 5?
-2780a
In base 3, what is 1 + -10011101120?
-10011101112
In base 5, what is -4 - -402224404?
402224400
In base 16, what is e9 - 7c?
6d
In base 14, what is 5d37a8 - -5?
5d37ad
In base 15, what is 1c537 - -3?
1c53a
In base 14, what is -4 + 84b6?
84b2
In base 6, what is 1501351 - 5?
1501342
In base 2, what is 1000001011010111 - -10011?
1000001011101010
In base 9, what is -40160 + 1?
-40158
In base 14, what is -3a3a7 - 1?
-3a3a8
In base 3, what is 120101 + 22012?
212120
In base 8, what is 12 + -177?
-165
In base 16, what is 2a + -690?
-666
In base 8, what is -113 - 1226?
-1341
In base 9, what is 106266 + 3?
106270
In base 4, what is -231223313 + 1?
-231223312
In base 5, what is -4 - 14422410?
-14422414
In base 2, what is -11101111 - 11011?
-100001010
In base 11, what is 51 + 15992?
15a33
In base 16, what is -5c + -3d?
-99
In base 12, what is 4 - -6485?
6489
In base 9, what is -3 - 22058?
-22062
In base 12, what is -7 - 41?
-48
In base 2, what is 101 + -101110110111111?
-101110110111010
In base 9, what is 4 - 1245653?
-1245648
In base 2, what is 100100100000110 + -1001?
100100011111101
In base 5, what is 430 + 2342?
3322
In base 13, what is 63a + 29?
666
In base 15, what is -e4 + 90?
-54
In base 16, what is 4 - 5129?
-5125
In base 7, what is -1445121 + 3?
-1445115
In base 4, what is -1021020332 + -11?
-1021021003
In base 3, what is 10112000202 - 12?
10112000120
In base 15, what is -342 + 6d3?
391
In base 3, what is 101220111122 - -111?
101220112010
In base 9, what is -4055 - 12?
-4067
In base 3, what is 202212222001 - -1?
202212222002
In base 3, what is -11 + -1011112210?
-1011112221
In base 9, what is -5 + 414745?
414740
In base 15, what is -434 + -9c0?
-e04
In base 3, what is 1 + 22112122021?
22112122022
In base 14, what is -5 - 2494?
-2499
In base 8, what is -1 - 6462402?
-6462403
In base 4, what is -312 + -122203?
-123121
In base 3, what is -1002022012 - 0?
-1002022012
In base 3, what is 212221011201 - 2?
212221011122
In base 3, what is -1122210 - 1020?
-1201000
In base 10, what is 178 - -201?
379
In base 9, what is -6441 - 7?
-6448
In base 10, what is -14 + 110878?
110864
In base 3, what is 1202112 + -1201?
1200211
In base 16, what is -126 + 1de?
b8
In base 14, what is -4 - 93019?
-9301d
In base 10, what is -16209 + -2?
-16211
In base 2, what is 10110110100010100110000 - 1?
10110110100010100101111
In base 3, what is 222 - -1110210?
1111202
In base 5, what is 231322334 + -2?
231322332
In base 15, what is 110 + 90?
1a0
In base 4, what is -3030131 - -112?
-3030013
In base 9, what is -5 - 20642?
-20647
In base 8, what is 7 - -12357?
12366
In base 4, what is 1 + 23332223?
23332230
In base 15, what is 0 + -c0b0?
-c0b0
In base 4, what is -2032 - -13121?
11023
In base 12, what is -14495 + 39?
-14458
In base 9, what is 18545 - -5?
18551
In base 11, what is 46 + 5a5?
640
In base 13, what is 455b + -b?
4550
In base 16, what is -22 - 261?
-283
In base 4, what is -1021 + -2110?
-3131
In base 10, what is -3 - -7735?
7732
In base 10, what is 2 - -179499?
179501
In base 8, what is -4 - 31744?
-31750
In base 9, what is -4 + 344172?
344167
In base 8, what is -143626 + -20?
-143646
In base 10, what is -10 - 31053?
-31063
In base 15, what is 173 + -1a8?
-35
In base 15, what is 1b + -421?
-405
In base 6, what is -2 - 50524130?
-50524132
In base 2, what is -10100011 - -10010100100?
10000000001
In base 16, what is -5 + 3a4?
39f
In base 15, what is -96634 + 4?
-96630
In base 8, what is -5042050 - -4?
-5042044
In base 16, what is -3f - 23fe?
-243d
In base 6, what is 14205 + -101?
14104
In base 10, what is 17 - 4449?
-4432
In base 2, what is 10110101 - 100000111011?
-11110000110
In base 15, what is -24d3 - -7b?
-2457
In base 8, what is 12312 + -2?
12310
In base 10, what is 3084525 - 3?
3084522
In base 10, what is -1 - 1089880?
-1089881
In base 4, what is 3303101022 - 10?
3303101012
In base 15, what is 2 - 3293e?
-3293c
In base 3, what is -1002012202 + -2?
-1002012211
In base 12, what is 1b208 - 51?
1b177
In base 7, what is 1010412 - 0?
1010412
In base 7, what is 4425 + -126?
4266
In base 4, what is -1020030113 - 0?
-1020030113
In base 2, what is -1111 + -1101011010110?
-1101011100101
In base 16, what is -537c2 - -6?
-537bc
In base 16, what is 455 - -125?
57a
In base 11, what is -6 + 2aa6?
2aa0
In base 15, what is 1362 - 52?
1310
In base 9, what is -811 - 25?
-836
In base 6, what is -442 - 35050?
-35532
In base 10, what is 112 - -1406?
1518
In base 13, what is 5 + -123ab?
-123a6
In base 14, what is 122b - -10?
123b
In base 4, what is 33 + -30300?
-30201
In base 14, what is 1 - 100826?
-100825
In base 11, what is 124 - -66?
18a
In base 11, what is 78058 + -3?
78055
In base 4, what is 301012 - -100?
301112
In base 16, what is c - -4f4f?
4f5b
In base 8, what is 20 - 14462?
-14442
In base 15, what is 0 + 384?
384
In base 15, what is 3 - 8492?
-848e
In base 3, what is -12221 - 10200?
-100121
In base 3, what is -12201 + -11112?
-101020
In base 10, what is -5 - 165115?
-165120
In base 14, what is -8055a - 5?
-80561
In base 2, what is 0 - -1011000000101?
1011000000101
In base 9, what is -18 + 2328?
2310
In base 14, what is -1d8387 + -2?
-1d8389
In base 13, what is -1319 - -157?
-1192
In base 3, what is -102001 - -20021?
-11210
In base 8, what is 4053 + 1?
4054
In base 4, what is 12120303021 - -3?
12120303030
In base 2, what is 10011001100111 + -110001?
10011000110110
In base 12, what is 1 + 5a69?
5a6a
In base 13, what is -1 - -214372?
214371
In base 6, what is 440333 - -3?
440340
In base 5, what is 22 + 332?
404
In base 5, what is 312031 + -210?
311321
In base 15, what is bd33 - 0?
bd33
In base 13, what is 1 - 2193a8?
-2193a7
In base 6, what is 2 + -21133530?
-21133524
In base 11, what is 1435 + 23?
1458
In base 3, what is 12 - -122221102?
122221121
In base 16, what is 21 - 29e53?
-29e32
In base 16, what is -1 + 1445?
1444
In base 4, what is -1003210 - 2200?
-1012010
In base 10, what is 334 - -70?
404
In base 3, what is -200 + -1201212002?
-1201212202
In base 7, what is -214065 + -6?
-214104
In base 4, what is -3101 + -1210102?
-1213203
In base 13, what is 321011 + -3?
32100b
In base 15, what is -8 - 313?
-31b
In base 3, what is -11000 + -1102?
-12102
In base 15, what is 821 - 45c?
3b4
In base 8, what is 10450623 - -4?
10450627
In base 8, what is 665 + 254?
1141
In base 8, what is 35573 - 0?
35573
In base 14, what is 3 - -a7c98?
a7c9b
In base 7, what is 50 - -26366?
26446
In base 15, what is 7 + 51161?
51168
In base 5, what is -231341 - -2?
-231334
In base 4, what is -3 - -33310301?
33310232
In base 15, what is 1a + 4c2?
4dc
In base 15, what is 1dbe - 16c?
1c52
In base 3, what is -12 - 1001110202022?
-1001110202111
In base 7, what is 40 + -121?
-51
In base 4, what is 0 + -1223123?
-1223123
In base 12, what is 4029 - -2?
402b
In base 10, what is -563 - -292?
-271
In base 2, what is -11101101001 + 1100?
-11101011101
In base 5, what is 3043 - 220?
2323
In base 11, what is -498 + 27?
-471
In base 15, what is 1a - 4410?
-43e5
In base 12, what is 3b077 - -1?
3b078
In base 4, what is -1032321300 + 3?
-1032321231
In base 13, what is 3 + b594?
b597
In base 2, what is -1 - 11100011011011?
-11100011011100
In base 4, what is 0 + 3223333000?
3223333000
In base 14, what is -129584 - 5?
-129589
In base 6, what is 3021 + -52?
2525
In base 3, what is -12 - 112020121?
-112020210
In base 16, what is -5 - -c511?
c50c
In base 14, what is 1 + -11b44?
-11b43
In base 10, what is -13364 + 17?
-13347
In base 3, what is 202110 - -2020?
211200
In base 4, what is -21200 - -2002?
-13132
In base 7, what is 3204330 + -5?
3204322
In base 3, what is -10 - 2012112102120?
-201211